{"id":198,"date":"2010-02-05T12:47:21","date_gmt":"2010-02-05T11:47:21","guid":{"rendered":"http:\/\/www.comicsweatshop.de\/blog\/?page_id=198"},"modified":"2010-02-19T12:13:11","modified_gmt":"2010-02-19T11:13:11","slug":"kontakt","status":"publish","type":"page","link":"https:\/\/www.comicsweatshop.de\/blog\/kontakt\/","title":{"rendered":"Kontakt"},"content":{"rendered":"<p><strong>Mail uns:<\/strong><\/p>\n<p><img decoding=\"async\" src=\"http:\/\/www.comicsweatshop.de\/blog\/wp-content\/uploads\/2010\/02\/cws-mail.png\" alt=\"mailadresse\" \/><\/p>\n<p><strong>Schreib mal wieder:<\/strong><\/p>\n<p><strong> <\/strong>CWS c\/o ReferentInnenRat der Humboldt-Universit\u00e4t<br \/>\nUnter den Linden 6<br \/>\n10099 Berlin<\/p>\n<p><strong>Komm vorbei:<\/strong><\/p>\n<p><strong><\/strong>Sonntags ab 18 Uhr<br \/>\nDorotheenstra\u00dfe 17 (ehemals Clara-Zetkinstra\u00dfe)<br \/>\n10117 Berlin<br \/>\n(R\u00fcckseite des Ostfl\u00fcgels vom Hauptgeb\u00e4ude der Humboldt Universit\u00e4t,<br \/>\nUnter den Linden 6, 10099 Berlin)<\/p>\n","protected":false},"excerpt":{"rendered":"<p>Mail uns: Schreib mal wieder: CWS c\/o ReferentInnenRat der Humboldt-Universit\u00e4t Unter den Linden 6 10099 Berlin Komm vorbei: Sonntags ab 18 Uhr Dorotheenstra\u00dfe 17 (ehemals Clara-Zetkinstra\u00dfe) 10117 Berlin (R\u00fcckseite des Ostfl\u00fcgels vom Hauptgeb\u00e4ude der Humboldt Universit\u00e4t, Unter den Linden 6, 10099 Berlin)<\/p>\n","protected":false},"author":5,"featured_media":0,"parent":0,"menu_order":0,"comment_status":"open","ping_status":"open","template":"","meta":{"footnotes":""},"class_list":["post-198","page","type-page","status-publish","hentry"],"_links":{"self":[{"href":"https:\/\/www.comicsweatshop.de\/blog\/wp-json\/wp\/v2\/pages\/198","targetHints":{"allow":["GET"]}}],"collection":[{"href":"https:\/\/www.comicsweatshop.de\/blog\/wp-json\/wp\/v2\/pages"}],"about":[{"href":"https:\/\/www.comicsweatshop.de\/blog\/wp-json\/wp\/v2\/types\/page"}],"author":[{"embeddable":true,"href":"https:\/\/www.comicsweatshop.de\/blog\/wp-json\/wp\/v2\/users\/5"}],"replies":[{"embeddable":true,"href":"https:\/\/www.comicsweatshop.de\/blog\/wp-json\/wp\/v2\/comments?post=198"}],"version-history":[{"count":6,"href":"https:\/\/www.comicsweatshop.de\/blog\/wp-json\/wp\/v2\/pages\/198\/revisions"}],"predecessor-version":[{"id":321,"href":"https:\/\/www.comicsweatshop.de\/blog\/wp-json\/wp\/v2\/pages\/198\/revisions\/321"}],"wp:attachment":[{"href":"https:\/\/www.comicsweatshop.de\/blog\/wp-json\/wp\/v2\/media?parent=198"}],"curies":[{"name":"wp","href":"https:\/\/api.w.org\/{rel}","templated":true}]}}